 35*l = 34*l + o. Suppose -x = l*x - 153. Does 9 divide x?
False
Suppose -2*t + h + 9 - 2 = 0, -1 = t + h. Suppose -3*x = -v - 3*v - 1473, 5*v + 982 = t*x. Is x a multiple of 3?
False
Suppose 0 = -82*p + 77*p - 2*y + 74712, y - 74706 = -5*p. Is p a multiple of 90?
True
Suppose 80*k + 44*k - 301670 = 27*k. Is 10 a factor of k?
True
Suppose 81 = 4*o + 3*w, -14*w + 16*w = -3*o + 61. Let u(s) = -s**3 + 21*s**2 + 2*s + 17. Is u(o) a multiple of 10?
False
Let l(q) = q**3 + 5*q + 462. Does 5 divide l(0)?
False
Let b(y) = y - 1. Let w(v) = 3*v**2 - 2*v - 19. Let j(i) = 6*b(i) - w(i). Let n be j(-6). Let p = n - -207. Does 32 divide p?
True
Suppose -5*b + 13 = -4*o, 0*o = 2*o - 5*b + 19. Let u be o + 3 - 3/2*2. Suppose 3*g = -g + u*m + 390, 2*g + m = 200. Does 21 divide g?
False
Let b(t) = 6*t**3 + 15*t**2 - 17*t**3 + 10*t**3 + 16 + 5*t**2 + 2*t. Let k be b(18). Suppose 6*w = w - z + 1204, 5*z = 3*w - k. Is w a multiple of 48?
True
Let o(a) be the third derivative of -a**6/120 + a**5/30 + a**4/8 - 4*a**3/3 + 155*a**2. Does 16 divide o(-8)?
True
Suppose -2*t + 2*l = -13316, -7*t + 20030 = -4*t + 5*l. Is t a multiple of 8?
False
Let g be 432/(-120) - 3/(-5). Let p = -9 - -6. Is (-1 + -39 + p)*6/g a multiple of 14?
False
Let y(u) = -u**2 - 53*u + 272. Does 6 divide y(-52)?
True
Let g be (55/22)/((-1)/(-2)). Suppose -7*z + 30 = -g. Suppose z*y - 10*y + 135 = 0. Does 8 divide y?
False
Let f = 91 - 198. Let t = f - -110. Let o(v) = 4*v**2 + 5*v - 14. Is 3 a factor of o(t)?
False
Let k(q) = q**3 + 3*q**2 + q + 22. Let m be k(-4). Suppose c - 730 = 5*o - 10*o, m*o = -3*c + 2229. Does 23 divide c?
False
Suppose 2*d + 5*y = 3*d - 40, 2*d - 4*y - 56 = 0. Suppose d*u = -1637 + 7757. Does 51 divide u?
True
Suppose 47*p + 69*p + 33*p - 867478 = 0. Does 142 divide p?
True
Suppose 4*x - 2*g - 34188 = 0, 36*x - 37*x = 3*g - 8561. Is x a multiple of 5?
False
Let l(q) = -q**3 - 2*q**2 + q + 598. Let g be l(0). Let j = -310 + g. Does 16 divide j?
True
Let t = 9200 - 6145. Is t a multiple of 10?
False
Let c = 1128 - 1132. Let k(n) be the first derivative of -4*n**2 + 3*n - 1. Is k(c) a multiple of 8?
False
Let v = -9759 + 10967. Does 14 divide v?
False
Let g(j) = -4*j - 5. Let w(y) = y**2 + 9*y - 10. Let s be w(-9). Let r be g(s). Does 8 divide 12/(-14)*(-7 - r)?
False
Let k(u) = -29*u + 12. Suppose -s + 53 = 3*s - m, s - 32 = 4*m. Suppose o = 4*o + s. Is 24 a factor of k(o)?
False
Let i be 2/(-3)*50*(-12)/16. Suppose 2*o - i = -2*t + 7*t, 5*t + 25 = 5*o. Suppose o = 9*u - 4*u - 575. Is 18 a factor of u?
False
Suppose -2*f = 3*w + 362, -f = 2*w + 2*f + 243. Let c = 566 + w. Does 45 divide c?
False
Let j be (((-3)/(-5))/1)/((-2)/30). Let o(r) = 17*r**2 + 26*r + 173. Does 28 divide o(j)?
True
Let w be 9/((-45)/(-350))*8/(-5). Let k = -58 - w. Is 4 a factor of k?
False
Let k(g) = 4*g - 17. Let w be k(-4). Is 31 a factor of (-13288)/w - ((-8)/6 + 1)?
True
Let v = 292 + 599. Does 81 divide v?
True
Let n be (-3 + 27/(-2))*8. Suppose p - 211 = -0*t + 4*t, -3*t = -4*p + 909. Let l = n + p. Does 9 divide l?
True
Let k(i) = 0*i - 3*i - 3*i - 24 + i**2 + 3. Let a be k(-9). Let s = a - 62. Does 20 divide s?
False
Let d = -413 - -1252. Let y = -61 + d. Is y a multiple of 24?
False
Let a(x) = -x + 205. Let i be a(0). Let v be 84/105 + 20/(-25). Suppose 0*l - l = -2*o - 55, v = -3*l - 4*o + i. Is l a multiple of 9?
True
Let z(x) be the first derivative of -51*x**2/2 + 35*x - 54. Is z(-5) a multiple of 29?
True
Let x(f) = -9*f**2 - 6*f - 3. Let d(g) = g + 1. Let l(u) = -4*d(u) - x(u). Let v be l(1). Suppose -r = -v - 12. Is r a multiple of 11?
True
Is (-40 + (-35365)/(-22))/(6/20) a multiple of 55?
True
Let x = 920 - -286. Is 7 a factor of x?
False
Let x(q) = 69*q**2 + 4*q - 45. Does 81 divide x(-9)?
True
Let q(f) = 5*f + 358*f**3 - 86 + 40 + 42 + 3*f**2 - 2*f**2. Does 28 divide q(1)?
False
Does 155 divide -1 - -15784 - 1*(-11 - -14)?
False
Suppose -4*h + 1501 = 3*s - 2344, 1303 = s - 4*h. Is s a multiple of 11?
True
Suppose 0 = 5*j + 4*t + 10, -2*t - 5 = -t. Suppose 387 = -62*i - 171. Let p = j - i. Is 11 a factor of p?
True
Suppose 2*u + 4 = 0, -3*a = -7*a - 4*u + 2372. Let s = 1127 - a. Is 19 a factor of s?
True
Let d(y) = 11*y**2 + 179*y - 26. Is 22 a factor of d(16)?
True
Let j(x) = x**3 + 6*x**2 + 3*x - 4. Let y be j(-5). Suppose y*o = 5*o + 2. Suppose 0 = -o*h - h + 54. Is h even?
True
Suppose 193107 = 85*y - 359308. Is y a multiple of 15?
False
Let p(s) = -s**3 - 3*s**2 + 2*s + 4. Let i be p(-5). Let u = i - 42. Suppose 6*x - 148 = u*x. Is x a multiple of 19?
False
Let j be (-66)/44 - 487*(-1)/2. Suppose 0 = f - r - 35 - 35, 0 = -3*f - 5*r + j. Let t = 135 - f. Is t a multiple of 9?
False
Suppose -5*o + 1236 = o. Let z = 60 - o. Let h = 223 + z. Is h a multiple of 22?
False
Suppose k + 4*l - 262 = 146, 4*k - l = 1632. Suppose -4 = -5*q + 2*n, -n - 16 = -19. Suppose -q*i + k = i. Is i a multiple of 18?
False
Suppose 5*i - 611 = -3*r + 3888, 5992 = 4*r + 5*i. Does 11 divide r?
False
Let r be ((-9)/(-5))/(12/40). Suppose -794 = -r*k + 214. Is 14 a factor of k?
True
Let i(x) = -x**3 - 19*x**2 - 97*x + 599. Does 38 divide i(-39)?
False
Let d = 8 + -3. Suppose 3*y - 10 = -5*q, 0 = 4*y - d*q + 10. Suppose y = -4*h - 4*k + 392, 0*h + 3*k + 118 = h. Is h a multiple of 11?
False
Suppose -22*d + 4881 = 921. Is 133 a factor of d?
False
Suppose d = -2 + 1, 0 = 3*j + 2*d - 88. Does 14 divide 75/j*(-2)/5 - -1316?
False
Let x(g) = 4*g**3 - 7*g**2 - g + 8. Let p be x(2). Is 412 - p*(-1)/6*-3 a multiple of 23?
False
Let i = -105 + 2985. Suppose 0*u - 10*u + i = 0. Suppose -u = -6*t - 6*t. Is 4 a factor of t?
True
Let l = -471 + -444. Does 10 divide ((-4)/14 - l/42)*4?
False
Suppose 2*i = i + 2*t - 13, 0 = 5*i + t + 43. Let s(a) = -a**3 - 4*a**2 + 13*a - 6. Let j be s(-6). Is 6 a factor of 511/28 + i/j + -1?
True
Suppose -2*b + 8 + 0 = 0. Let f = 425 + -190. Is f/20 - (-1)/b a multiple of 3?
True
Suppose -179 = -5*q - 2*u - 3, -3*q + 5*u + 118 = 0. Suppose g + 52 = m - 11, 5*g + m = -345. Let k = q - g. Is k a multiple of 26?
True
Suppose -3*t - 13 + 19 = 0. Suppose 2793 = 5*l + 4*n, 0*l - 2*n = -t*l + 1128. Is l a multiple of 51?
True
Let x = 299 + -486. Let t(a) = 3*a**3 + 19*a**2 + 4*a + 99. Let b be t(-7). Let c = b - x. Does 16 divide c?
True
Let l = 67 + -58. Suppose 2*x + 3 = h + l, -5*h + x - 21 = 0. Let a(b) = 5*b**2 + 7*b - 5. Is a(h) a multiple of 4?
False
Is 37 a factor of ((6/(-8))/3)/(72/(-3089952))?
False
Suppose 7*x - 3*x = -24. Is 4 a factor of (3/(-9) + 52/x)*-53?
False
Let k(t) = 20*t**2 - t + 1. Let j be k(1). Suppose 3*c + j = -3*q + 5, c + 2*q + 3 = 0. Is 5*c/(140/(-36)) a multiple of 9?
True
Suppose -4*y - 5*d + 4706 = -3*d, -2*y + 2344 = 4*d. Is y a multiple of 24?
False
Let s(n) = -77*n + 43. Let p be s(12). Let q = -559 - p. Is 23 a factor of q?
True
Let t be (-1)/(1/(-8)) - (-5 - -8). Suppose 2*s + t = 15. Suppose -s*q + 11 + 9 = 0. Is q a multiple of 4?
True
Suppose -5*n = 5*a - n - 815, 5*n = 3*a - 489. Suppose -8*s = -13*s - 150. Let q = s + a. Is q a multiple of 15?
False
Let i(u) = -4922*u - 1324. Is i(-3) a multiple of 59?
False
Suppose 256*u + 74467 - 662995 = 55*u. Is 48 a factor of u?
True
Let r = -4816 - -5521. Is r a multiple of 4?
False
Suppose 207 = -54*m + 1449. Let s(q) = 14 + 2*q - 41 - 7. Is 6 a factor of s(m)?
True
Suppose 12667 + 44127 - 3114 = 10*q. Is 88 a factor of q?
True
Let n(u) = u**2 - 7*u + 36. Let p(g) = 2*g**2 - 15*g + 72. Let l(h) = 9*n(h) - 4*p(h). Does 5 divide l(-6)?
True
Let r(m) = -3239*m - 9211. Is 12 a factor of r(-5)?
True
Let g(q) = -q + 6. Let n be g(1). Let h be (-11*1 + 1)*(-2)/n. Suppose i - 754 = -f - h*f, 0 = 4*f + 2*i - 608. Is f a multiple of 10?
True
Let g = 592 - 590. Suppose 0 = -3*t + g*n + 421, -3*n + 1 + 2 = 0. Is t a multiple of 36?
False
Suppose -224 = -22*f + 6*f. Suppose -f*i + 20*i = 3456. Does 51 divide i?
False
Let c be 1*9/15 - (-66)/15. Is (-3)/(-1) - (-1407)/(2 + c) a multiple of 51?
True
Let k(q) = 2*q**2 - 27*q - 14. Let h be k(14). Suppose 4*c = -2*a + 1440, h*c - 3*c = 5*a - 3600. Is 20 a factor of a?
True
Suppose -6 = -2*g, g + 306598 - 30742 = 17*m. Does 250 divide m?
False
Suppose 671*j - 676*j = 0, 20937 = 3*q + 3*j. Is 25 a factor of q?
False
Let c = -3442 - -6792. Is 50 a factor of c?
True
Suppo